digit of 12/(-39) + 3720696/312?
1
Let o = 42 - 32. Suppose 0 = -5*v + 10 + o. Suppose 2*u = -v*u + 72. What is the tens digit of u?
1
Suppose 24194 - 58459 = -7*b. Suppose 57*v + b = 62*v. What is the tens digit of v?
7
Let m(a) = a**3 + 8*a**2 + 6*a + 5. Let t be m(-7). Suppose -t = 3*l, -2*l + 352 = -5*k + 7*k. What is the tens digit of k?
8
Suppose 30*f = 118120 + 65180. What is the tens digit of f?
1
Let v(o) be the first derivative of o**4/2 + 37*o**3/3 - 10*o**2 - 8*o - 12. What is the tens digit of v(-19)?
1
Suppose 0 = -32*d + 28692 + 16044. Let f = 2524 - d. What is the units digit of f?
6
Suppose 2*h + 28*u - 90 = 30*u, 5*h - 3*u = 221. Suppose -33*f - 9020 = -h*f. What is the hundreds digit of f?
9
Suppose 2051156 = 333*b - 254*b. What is the units digit of b?
4
Let n(s) be the first derivative of -s**4/4 + s**3/3 + 5*s**2 + 27*s - 97. What is the hundreds digit of n(-11)?
3
Let p be (-8)/(-44) + 31/11. Suppose -3*f + p = -2*f. Suppose -4*t = f*w - 203 - 104, 0 = 4*w + 5*t - 411. What is the units digit of w?
9
Let m be 32/20 - 1 - (-5868)/20. Let v = m + -237. What is the tens digit of v?
5
Let f(b) = 5188*b + 1908. What is the hundreds digit of f(4)?
6
Suppose -2170*h - 1011441 = -2207*h - 258713. What is the hundreds digit of h?
3
Suppose -69115 = -5*b - 18*b. What is the hundreds digit of b?
0
What is the tens digit of (22491/(-68))/((-24)/640)?
2
Let g(d) = d**3 - 6*d**2 + 3*d - 9. Let o be g(6). Let p(i) = -8*i + 22. Let z(q) = -45*q + 126. Let w(s) = -34*p(s) + 6*z(s). What is the tens digit of w(o)?
2
Let p(n) = 4*n**3 - 3*n**2 + 6*n - 5. Let s be p(4). Suppose -12*d + 5 = -31. Suppose 5*l = 5*y + 355, y - s = -d*l - 3*y. What is the units digit of l?
3
Suppose -4*h - 8 = -6*h. Let i be -2 + h + -3 - -42. Suppose i - 2 = 3*l. What is the units digit of l?
3
Suppose 0 = -4*a + 2*m - 1214, a + 911 = -2*a + 2*m. Let g = a + 621. What is the units digit of g?
8
Suppose 12*g = 18 + 6. Suppose -g*u + 598 = -4*o, -23 = -3*o - 2*u - 475. Let v = o - -422. What is the hundreds digit of v?
2
Let w = -9335 - -9340. Suppose 2 + 0 = -2*c. What is the hundreds digit of (w/15)/((-1272)/(-1269) + c)?
1
Let j(z) = -z**3 - 9*z**2 - 3*z + 4. Let q be j(-10). Suppose 2*n = 5*m - 7 - 4, -m + 5*n - 7 = 0. Suppose m*d - 4*d + q = 0. What is the tens digit of d?
3
Suppose -8889 = -5*o + 16571. What is the thousands digit of o?
5
Let j(f) = 4*f + 68. Let s(t) = 1. Let b(g) = j(g) + 5*s(g). Let z be b(-17). Suppose -o - 4*n = -204, -204 = -z*o + 4*o + 5*n. What is the hundreds digit of o?
2
Let w = -211 - -421. Suppose 2*u + 4*b = w, u + 5*b - 432 = -3*u. Let o = 212 - u. What is the tens digit of o?
9
Suppose 3*x + x = 8. Suppose 5*v + p = 1051, 0 = -4*v + 2*p - 5*p + 843. Suppose 5*k - 2*w - v = 0, x*w + 84 = 2*k + 4*w. What is the tens digit of k?
4
Let o = -43 - -49. Suppose 0 = w - 2*h + o*h + 128, 3*h - 256 = 2*w. Let u = -44 - w. What is the tens digit of u?
8
Suppose -b + 19*a + 2632 = 23*a, 0 = 5*b - 2*a - 13138. What is the thousands digit of b?
2
Suppose -3*x + 3501 = -3*s, -6*s - 5*x - 3533 = -3*s. Let y = -85 - s. What is the tens digit of y?
8
Let o = 6722 - 5535. What is the units digit of o?
7
Let s(x) = -x**2 - x + 49. Let k(g) = 15*g + 30. Let b be k(-5). Let p = 45 + b. What is the tens digit of s(p)?
4
Let y = 424 + 94. What is the units digit of y?
8
Let b be (-8)/(-10)*(-7 + 2/1). Let t = b + 4. Suppose y = 3*f + 19, t = 2*y - f - 20 - 8. What is the units digit of y?
3
Suppose -61*g + 2*w = -65*g + 25398, 2*w = g - 6337. What is the hundreds digit of g?
3
Let k = -1 - -3. Suppose 5*i - 92 = k*d, 2*d - 3 = -i + 13. Suppose 2*q + i = 64. What is the units digit of q?
3
Suppose -4*w - 7 = 29. Let r(l) = 67*l + 21. Let j be r(w). What is the tens digit of (-3)/(-12) - j/8?
7
Suppose -18*v - 702 = -31*v. What is the tens digit of 3 + 9/(v/1320)?
2
Let m be (-30)/7 + (112/49)/8. What is the tens digit of (-4)/48*m*1149?
8
Let b(s) = -4*s**3 - 28*s**2 + 32*s - 15. What is the thousands digit of b(-13)?
3
Let z = -18 + -25. What is the tens digit of z/(-1) - 10/2?
3
Let m = 137 + -564. Let p = -128 - m. What is the tens digit of p?
9
Suppose -2*c = 2*c - 48. Suppose -p - 2*m = -2, 6 = -3*p + m + 19. What is the tens digit of 321/p + (-3)/c?
8
Let v be (-1)/(2/(-10) - 0). Suppose 2*f + f = 5*l + 324, 432 = 4*f + v*l. What is the hundreds digit of f?
1
Suppose -9*a + 6*a + 18 = -3*g, -18 = -2*g - 4*a. Let j = g - -257. What is the tens digit of j?
5
What is the units digit of (-64 + 187)/((-3)/(-229))?
9
Suppose o = -4*j - 4*o + 6, o + 18 = 4*j. Let k be 442/j + (-1)/(-2). Let q = k - 106. What is the units digit of q?
5
Suppose s + 708 = -5*n, 0*s - 3*n = -3*s - 2160. Let l = s + 1515. What is the tens digit of l?
9
Suppose 0 = 2*p - 4, -p + 1 = -5*z - 181. Let t = 29 + z. What is the tens digit of 1*t/(21/(-207))?
6
Let t(n) = 3*n**2 + 3*n + 7. Let k = 41 + -51. Let b be t(k). Let v = b - 155. What is the hundreds digit of v?
1
Let y(k) = -k**3 - 23*k**2 - 22*k - 20. Let z be y(-12). Let g = -731 - z. What is the units digit of g?
9
Suppose 2*b + 1898 = 5*s, 38*s - 40*s = 4*b - 740. Let f = 1202 - s. What is the units digit of f?
4
Let p(l) = 2*l**3 - 112*l**2 - 109*l + 127. What is the tens digit of p(57)?
1
Let j = -182 - -185. Suppose -392 = -2*q - v, -5*q - j*v = -2*v - 983. What is the hundreds digit of q?
1
Let r = 667 - 336. Suppose -k + r = -147. What is the hundreds digit of k?
4
Let n(p) = 60*p**2 - 209*p - 1280. What is the hundreds digit of n(-6)?
1
Suppose -49*l + 1307945 = -344629. What is the tens digit of l?
2
Suppose 5*v + 13 + 14 = 3*j, -2*v + 5*j - 26 = 0. Let m be 2*(3/(-2) - v). Suppose -4*h + 317 = -u - 17, -3*h - m*u + 258 = 0. What is the units digit of h?
4
Suppose -25*n + 20*n + 79 = -b, 0 = 4*n + 2*b - 66. Suppose z - n = -z. What is the units digit of z?
8
Let a = -1958 + 1356. Let l = a - -902. What is the hundreds digit of l?
3
Suppose -z + l + 8663 = 0, 4*l - 9*l - 17347 = -2*z. What is the thousands digit of z?
8
Suppose 3*p - 12 = -d + 5, -3*d + 81 = -p. Suppose 0 = -d*j - 9*j + 2415. What is the units digit of j?
9
Suppose 0 = -2*j + 2*s + 14, 9*j - 5*j - 3*s - 25 = 0. Let h(n) = 33*n - 15. Let z(x) = -34*x + 15. Let w(a) = j*h(a) + 3*z(a). What is the units digit of w(3)?
5
Suppose 2002 = -14*c - 8*c. What is the units digit of (-10297)/c - (-4)/(-26)?
3
Let z(t) = 51*t**2 + 20*t - 40. What is the hundreds digit of z(-10)?
8
Suppose 1720 = -v + 1725, -3*k = v - 85169. What is the units digit of k?
8
Let s be (2 - 7)/(-2 - 146/(-72)). Let z = 482 + s. What is the hundreds digit of z?
3
What is the units digit of (((-6)/(-12))/(2/(-4)))/(60/(-163740))?
9
Suppose -846 - 879 = -5*w. Suppose 4*p - p = w. Suppose -2*x + p = -49. What is the tens digit of x?
8
Suppose w - 6921 = -w + z, -4*w = -3*z - 13839. Suppose -o - f - f = -867, 5*f = -4*o + w. What is the hundreds digit of o?
8
Suppose -5*x - 3*h = 29, -h + 22 = -2*x + 3*h. Let i be (-4)/14 + (-23)/x + -1. Suppose -5*w + 240 = 3*v, -2*w + 240 = v + i*v. What is the units digit of v?
0
Suppose 39*g + 59*g - 729891 = -76525. What is the hundreds digit of g?
6
Let l be (-108)/12*8/(-6). What is the units digit of 2864/l + (0 - 8/12)?
8
Let o = -857 - 279. Let x = -584 - o. What is the tens digit of x?
5
Let q be (-1)/12*-3*(-4)/(-1). What is the thousands digit of (q - -3) + (1694 - 5)?
1
Suppose -748 = -3*o - 568. Let i(n) = -23*n - 1. Let a be i(-5). Let q = a - o. What is the units digit of q?
4
Let i = 8500 + -6003. What is the tens digit of i?
9
Suppose -7*u = 171 - 10. Let q(p) = p**3 + 23*p**2 - 11*p - 70. What is the tens digit of q(u)?
8
Suppose -3*j + 5982 = -17*c + 22*c, -4*c + 3*j = -4764. What is the units digit of c?
4
Let k be (-1)/((-1)/(-15)) + 1. Let n(x) = 232*x - 468*x + 6*x**2 + x**3 + 224*x + 8*x**2 + 9. What is the hundreds digit of n(k)?
1
Let v(u) = 9950*u**3 + 7*u**2 - u + 5. What is the units digit of v(2)?
1
Suppose -3 = 3*a, -18 + 9 = -3*v - 3*a. Suppose -v*z = -7*z, 4*m - 744 = -2*z. What is the tens digit of m?
8
Suppose -3*a = 3*v - 3849, -32*v = -35*v + 4*a + 3828. Let h = v + -748. What is the tens digit of h?
3
Suppose 0 = i - 3*i - 2*q + 2, -q - 11 = -5*i. What is the tens digit of (-9 - 5)*(-2 + (-43)/i)?
2
Suppo